+ 2?
1111060
In base 9, what is 5 + 6768?
6774
In base 2, what is 1111111000 + 1100?
10000000100
In base 14, what is 4 + -db483?
-db47d
In base 15, what is -265 - 47d?
-6e3
In base 3, what is -102 - 221010?
-221112
In base 12, what is -1 + -6a81?
-6a82
In base 9, what is -653 - 2835?
-3588
In base 15, what is -2c + -8646?
-8673
In base 15, what is -3 - 901?
-904
In base 14, what is -617 - -160?
-497
In base 5, what is 41 + 10434?
11030
In base 8, what is 277 - -3370?
3667
In base 3, what is 122110102100 - 20?
122110102010
In base 7, what is 1 + 5645?
5646
In base 6, what is 304 - 210?
54
In base 11, what is 14a - -14304?
14453
In base 5, what is 1003 - 2101?
-1043
In base 2, what is -1110101100000 + 111111?
-1110100100001
In base 5, what is 1101014 - 4?
1101010
In base 2, what is -1011000000001 + 101001001?
-1010010111000
In base 6, what is -253420 + 2?
-253414
In base 2, what is -101 + -11001000001111010011?
-11001000001111011000
In base 15, what is 5218 - -1?
5219
In base 5, what is -132122 - -12?
-132110
In base 14, what is -44a10 - -5?
-44a09
In base 2, what is 1011001 - -101100101?
110111110
In base 6, what is -215 + -125104?
-125323
In base 3, what is 2222220221 - 12?
2222220202
In base 2, what is -100 + -10000111111110000011?
-10000111111110000111
In base 14, what is 6873 + 0?
6873
In base 9, what is -72 + -80770?
-80852
In base 3, what is -10 - 22100110210?
-22100110220
In base 3, what is 120001 - -21120210?
22010211
In base 11, what is -15512 + -18?
-1552a
In base 3, what is -111101 - 2122001?
-10010102
In base 10, what is 2595 - 3?
2592
In base 8, what is -3 + 6721?
6716
In base 3, what is -1220220 + -1012?
-1222002
In base 14, what is -24 + 1d0b?
1cc7
In base 3, what is -1102 - -20211001?
20202122
In base 15, what is -2b24 + -47?
-2b6b
In base 14, what is a37 - -11?
a48
In base 15, what is 1ae1da + 3?
1ae1dd
In base 10, what is 2762 - -24?
2786
In base 10, what is -24 + -6339?
-6363
In base 9, what is -33023 + 106?
-32816
In base 9, what is 13 - -63?
76
In base 16, what is -a - 3dd?
-3e7
In base 5, what is 14 - 10444?
-10430
In base 3, what is -11101211 + -1202?
-11110120
In base 12, what is -17b8 + 4?
-17b4
In base 5, what is 212111213 - 4?
212111204
In base 12, what is 26 - 27?
-1
In base 7, what is -652 + 626?
-23
In base 15, what is -170 + 164?
-b
In base 4, what is -122 - 1000100?
-1000222
In base 5, what is 3201424 + -3?
3201421
In base 8, what is 7763 + 261?
10244
In base 12, what is -7b900 - -2?
-7b8ba
In base 6, what is 2 + -2343331?
-2343325
In base 4, what is 1111 - -2213?
3330
In base 3, what is 0 - 121222012111?
-121222012111
In base 13, what is 1a + 105b7?
10604
In base 13, what is -62b6b - -4?
-62b67
In base 15, what is 133 + c1?
204
In base 13, what is 9128 - -b8?
9213
In base 9, what is -45 + -70271?
-70326
In base 2, what is 101110011010010 + 100001?
101110011110011
In base 13, what is -1092c3 - 3?
-1092c6
In base 7, what is -2025 + 4063?
2035
In base 4, what is -323210 - 20032?
-1003302
In base 3, what is -10102102 - 0?
-10102102
In base 8, what is -3523 - -2627?
-674
In base 8, what is -4 - -7575?
7571
In base 4, what is 2113 + -123010?
-120231
In base 6, what is 42142 - -1?
42143
In base 13, what is 19 - -18538?
18554
In base 12, what is -30624 - 15?
-30639
In base 14, what is -4578b + 2?
-45789
In base 14, what is 2170 - 28?
2146
In base 2, what is -11 - -1111011011?
1111011000
In base 9, what is -42 - -1816?
1764
In base 10, what is -3575 - -11?
-3564
In base 7, what is 1635 - -10?
1645
In base 11, what is -447 - 7?
-453
In base 11, what is 3 - -14404?
14407
In base 7, what is 44410 - 60?
44320
In base 2, what is 1 + -1000000011010110001?
-1000000011010110000
In base 15, what is -d46c - -3?
-d469
In base 12, what is 196 + 27a9?
2983
In base 11, what is 520 - -726?
1146
In base 12, what is 23 + -83?
-60
In base 7, what is -3 - 104314?
-104320
In base 15, what is 159 - -87?
1e1
In base 3, what is 10 + -12112200?
-12112120
In base 11, what is -1434 - -4?
-1430
In base 13, what is 7a - 88?
-b
In base 11, what is 26 - 733?
-708
In base 7, what is 4 + -13565?
-13561
In base 8, what is -436016 + 1?
-436015
In base 10, what is 162469 - 4?
162465
In base 7, what is -33 + 140246?
140213
In base 4, what is -10 - -111223202?
111223132
In base 10, what is 36619 - -4?
36623
In base 2, what is 110100000000011000 + -10?
110100000000010110
In base 16, what is -216d8 - -1?
-216d7
In base 13, what is a464 + -12?
a452
In base 7, what is -5 + -53120?
-53125
In base 10, what is 3 + 20015?
20018
In base 12, what is 2 + 2526b6?
2526b8
In base 6, what is 4 + 55020?
55024
In base 6, what is 14151 + 113?
14304
In base 9, what is 22 - -107841?
107863
In base 9, what is -303 + 32?
-261
In base 9, what is -26 + -11251?
-11277
In base 2, what is 1010 + 11111100001110?
11111100011000
In base 9, what is 3 - -1238?
1242
In base 16, what is -4 - 21d1?
-21d5
In base 9, what is -15 + 410570?
410554
In base 4, what is 3022 + 22311?
31333
In base 4, what is -13020032 - 122?
-13020220
In base 3, what is 100100 + 10101?
110201
In base 9, what is 430 - 6?
423
In base 15, what is 50d + 22?
530
In base 5, what is 3 - -43001?
43004
In base 14, what is 4 + -9a0?
-99a
In base 15, what is 96 - 1c4e?
-1ba8
In base 3, what is 2021 + 102101?
111122
In base 6, what is -33 + -235125?
-235202
In base 5, what is 13241341 + 10?
13241401
In base 4, what is 10233212 - 3?
10233203
In base 10, what is 4 - 232615?
-232611
In base 15, what is -11 - 32594?
-325a5
In base 6, what is 131331 + -111?
131220
In base 13, what is -9c356 - -3?
-9c353
In base 8, what is -4326 - 13?
-4341
In base 12, what is -4 - -3a026?
3a022
In base 2, what is 101000111110010000 + 111000?
101000111111001000
In base 4, what is 102310 + -20?
102230
In base 13, what is -b849 + -4?
-b850
In base 3, what is -11 + 222002021?
222002010
In base 4, what is -113000022 - 102?
-113000130
In base 15, what is -32d - -1d9?
-144
In base 13, what is -479 + 32?
-447
In base 5, what is 241 + 34220?
40011
In base 15, what is -13 + -69a?
-6ad
In base 10, what is -9 - -10650?
10641
In base 14, what is 2 - 39c6?
-39c4
In base 3, what is 10 - 110122220221?
-110122220211
In base 4, what is -1202 - 1322?
-3130
In base 9, what is -1 - -64621?
64620
In base 14, what is 4 - 15a5?
-15a1
In base 14, what is -13b06 + -a?
-13b12
In base 16, what is -4bc5 - 2f?
-4bf4
In base 3, what is -1000112 - 2012112?
-10020001
In base 4, what is -2013022210 - -3?
-2013022201
In base 7, what is -2 - -32312?
32310
In base 7, what is 11 - -1425?
1436
In base 13, what is 2 - -1651?
1653
In base 14, what is -772d - 5?
-7734
In base 10, what is -4760 - -3?
-4757
In base 3, what is -102112110200 - 12?
-102112110212
In base 7, what is 62 - -3552?
3644
In base 5, what is 10104220 + 3?
10104223
In base 6, what is -14455 - -1012?
-13443
In base 10, what is 1399 - 13?
1386
In base 3, what is 1111222120 - -12?
1111222202
In base 7, what is -25125 + -254?
-25412
In base 2, what is -1111100100 + -1100?
-1111110000
In base 10, what is -9009 + -3?
-9012
In base 6, what is 5 + 3403030?
3403035
In base 15, what is -16a - 5ad?
-728
In base 13, what is -134 + 461b?
44b7
In base 2, what is 10 - -100111011011101011?
100111011011101101
In base 8, what is 13 - 16447?
-16434
In base 5, what is -13241 + 33240?
14444
In base 4, what is 13030220 + 11?
13030231
In base 7, what is 14320 + -4?
14313
In base 12, what is 6 - -8a79?
8a83
In base 8, what is -1 + -145137?
-145140
In base 5, what is 2320 + -130?
2140
In base 9, what is 48563 + -23?
48540
In base 7, what is -1150 - -211?
-636
In base 16, what is 1d02 - b0?
1c52
In base 15, what is -267 + 2d3?
6b
In base 2, what is 1001 - 11111001101110011?
-11111001101101010
In base 16, what is 2 - -b201?
b203
In base 9, what is 1701517 - -1?
1701518
In base 12, what is 39400a - -4?
394012
In base 8, what is 6172 + 46?
6240
In base 10, what is 448 + -175?
273
In base 7, what is -1461 + 650?
-511
In base 14, what is -20 + -b8?
-d8
In base 5, what is 21344 + 2042?
23441
In base 13, what is 39 + -1985?
-1949
In base 12, what is -9206 + 123?
-90a3
In base 14, what is -2 + a75?
a73
In base 4, what is 112 + -30301?
-30123
In base 16, what is -1f604 - -4?
-1f600
In base 12, what is -60 + 189?
129
In base 11, what is -2 - -562652?
5